{"id":253,"date":"2021-08-13T14:21:38","date_gmt":"2021-08-13T12:21:38","guid":{"rendered":"https:\/\/jol-let.com\/new\/?page_id=253"},"modified":"2021-09-20T16:10:22","modified_gmt":"2021-09-20T14:10:22","slug":"eves-beszamolok","status":"publish","type":"page","link":"https:\/\/jol-let.com\/new\/eves-beszamolok\/","title":{"rendered":"\u00c9ves besz\u00e1mol\u00f3k"},"content":{"rendered":"<div id=\"attachment_9050\" style=\"width: 156px\" class=\"wp-caption alignleft\"><a href=\"https:\/\/jol-let.com\/new\/wp-content\/uploads\/2021\/09\/jol-let-alapitvany-eves-beszamolo-2016.pdf\" target=\"_blank\" rel=\"noopener\"><img aria-describedby=\"caption-attachment-9050\" loading=\"lazy\" class=\"wp-image-9050 size-full\" src=\"https:\/\/jol-let.com\/new\/wp-content\/uploads\/2021\/09\/2016.jpg\" alt=\"\" width=\"146\" height=\"202\"><\/a><p id=\"caption-attachment-9050\" class=\"wp-caption-text\">\u00c9ves besz\u00e1mol\u00f3 2016<\/p><\/div>\n<div id=\"attachment_9051\" style=\"width: 156px\" class=\"wp-caption alignleft\"><a href=\"https:\/\/jol-let.com\/new\/wp-content\/uploads\/2021\/09\/jol-let-alapitvany-eves-beszamolo-2017.pdf\" target=\"_blank\" rel=\"noopener\"><img aria-describedby=\"caption-attachment-9051\" loading=\"lazy\" class=\"wp-image-9051 size-full\" src=\"https:\/\/jol-let.com\/new\/wp-content\/uploads\/2021\/09\/2017.jpg\" alt=\"\" width=\"146\" height=\"202\"><\/a><p id=\"caption-attachment-9051\" class=\"wp-caption-text\">\u00c9ves besz\u00e1mol\u00f3 2017&nbsp;<\/p><\/div>\n<div id=\"attachment_9052\" style=\"width: 156px\" class=\"wp-caption alignleft\"><a href=\"https:\/\/jol-let.com\/new\/wp-content\/uploads\/2021\/09\/jol-let-alapitvany-eves-beszamolo-2018.pdf\" target=\"_blank\" rel=\"noopener\"><img aria-describedby=\"caption-attachment-9052\" loading=\"lazy\" class=\"wp-image-9052 size-full\" src=\"https:\/\/jol-let.com\/new\/wp-content\/uploads\/2021\/09\/2018.jpg\" alt=\"\" width=\"146\" height=\"202\"><\/a><p id=\"caption-attachment-9052\" class=\"wp-caption-text\">\u00c9ves besz\u00e1mol\u00f3 2018<\/p><\/div>\n<div id=\"attachment_9053\" style=\"width: 156px\" class=\"wp-caption alignleft\"><a href=\"https:\/\/jol-let.com\/new\/wp-content\/uploads\/2021\/09\/jol-let-alapitvany-eves-beszamolo-2019.pdf\" target=\"_blank\" rel=\"noopener\"><img aria-describedby=\"caption-attachment-9053\" loading=\"lazy\" class=\"wp-image-9053 size-full\" src=\"https:\/\/jol-let.com\/new\/wp-content\/uploads\/2021\/09\/2019.jpg\" alt=\"\" width=\"146\" height=\"202\"><\/a><p id=\"caption-attachment-9053\" class=\"wp-caption-text\">\u00c9ves besz\u00e1mol\u00f3 2019<\/p><\/div>\n<div id=\"attachment_9054\" style=\"width: 156px\" class=\"wp-caption alignleft\"><a href=\"https:\/\/jol-let.com\/new\/wp-content\/uploads\/2021\/09\/jol-let-alapitvany-eves-beszamolo-2020.pdf\" target=\"_blank\" rel=\"noopener\"><img aria-describedby=\"caption-attachment-9054\" loading=\"lazy\" class=\"wp-image-9054 size-full\" src=\"https:\/\/jol-let.com\/new\/wp-content\/uploads\/2021\/09\/2020.jpg\" alt=\"\" width=\"146\" height=\"202\"><\/a><p id=\"caption-attachment-9054\" class=\"wp-caption-text\">\u00c9ves besz\u00e1mol\u00f3 2020<\/p><\/div>\n","protected":false},"excerpt":{"rendered":"","protected":false},"author":1,"featured_media":0,"parent":0,"menu_order":12,"comment_status":"closed","ping_status":"closed","template":"","meta":{"_et_pb_use_builder":"","_et_pb_old_content":"","_et_gb_content_width":"","ngg_post_thumbnail":0},"_links":{"self":[{"href":"https:\/\/jol-let.com\/new\/wp-json\/wp\/v2\/pages\/253"}],"collection":[{"href":"https:\/\/jol-let.com\/new\/wp-json\/wp\/v2\/pages"}],"about":[{"href":"https:\/\/jol-let.com\/new\/wp-json\/wp\/v2\/types\/page"}],"author":[{"embeddable":true,"href":"https:\/\/jol-let.com\/new\/wp-json\/wp\/v2\/users\/1"}],"replies":[{"embeddable":true,"href":"https:\/\/jol-let.com\/new\/wp-json\/wp\/v2\/comments?post=253"}],"version-history":[{"count":2,"href":"https:\/\/jol-let.com\/new\/wp-json\/wp\/v2\/pages\/253\/revisions"}],"predecessor-version":[{"id":9061,"href":"https:\/\/jol-let.com\/new\/wp-json\/wp\/v2\/pages\/253\/revisions\/9061"}],"wp:attachment":[{"href":"https:\/\/jol-let.com\/new\/wp-json\/wp\/v2\/media?parent=253"}],"curies":[{"name":"wp","href":"https:\/\/api.w.org\/{rel}","templated":true}]}}